{"id":124,"date":"2017-12-26T01:32:02","date_gmt":"2017-12-25T23:32:02","guid":{"rendered":"http:\/\/www.szentandrasiskola.ro\/?page_id=124"},"modified":"2022-04-23T12:50:22","modified_gmt":"2022-04-23T10:50:22","slug":"cursuri","status":"publish","type":"page","link":"https:\/\/www.scoalasfantulandrei.ro\/index.php\/cursuri\/","title":{"rendered":"Cursuri"},"content":{"rendered":"<p>Programul de formare al \u0218colii Sf\u00e2ntul Andrei este bazat pe trei piloane.<\/p>\n<ol type=\"I\">\n<li>A deveni m\u0103rturisitor<\/li>\n<li>A deveni ucenic<\/li>\n<li>A deveni apostol<\/li>\n<\/ol>\n<p><em><strong>Cursurile pilonului I <\/strong><\/em>\u00a0sunt ajustate pentru bazele vie\u021bii cre\u0219tine \u0219i scopul lor este ca prin re-evanghelizarea celor boteza\u021bi, ei s\u0103 devin\u0103 m\u0103rturisitorii lui Isus cel \u00eenviat, \u00een familiile lor, locul lor de munc\u0103 \u0219i \u00een lume.<\/p>\n<p>Urm\u0103toarele cursuri sunt cursurile pilonului I:<\/p>\n<ol>\n<li>Via\u021b\u0103 Nou\u0103 \u00een Cristos \u2013 Prima evanghelizare<\/li>\n<li>Emaus \u2013 \u00cent\u00e2lnire cu Cuv\u00e2ntul<\/li>\n<li>Ioan \u2013 Formarea discipolilor<\/li>\n<li>Isus \u2013 Isus \u00een cele 4 Evanghelii<\/li>\n<li>Istoria m\u00e2ntuirii\u2013 \u00cent\u00e2mplarea noastr\u0103<\/li>\n<li>Moise \u2013 \u0218coala eliberatorilor<\/li>\n<li>Ferici\u021bi sunte\u021bi \u2013 Calea c\u0103tre fericire<\/li>\n<\/ol>\n<p><em><strong>Cursurile pilonului II\u00a0<\/strong><\/em> \u00eencearc\u0103 s\u0103 \u00eenve\u021be evanghelizarea. M\u0103rturisitorul lui Isus cel \u00eenviat, nu poate t\u0103cea \u00een leg\u0103tur\u0103 cu experien\u021ba personal\u0103 tr\u0103it\u0103 cu Isus, el o \u00eemp\u0103rt\u0103\u0219e\u0219te cu ceilal\u021bi.<\/p>\n<p>Cursurile din pilonul II:<\/p>\n<ol>\n<li>Paul \u2013 Formarea Evanghelizatorilor<\/li>\n<li>Dynamis \u2013 Evanghelizare cu putere mare<\/li>\n<li>Timotei \u2013 A citi, a eviden\u021bia, a \u00eenv\u0103\u021ba Biblia<\/li>\n<li>Secretul lui Paul<\/li>\n<li>Apolo \u2013 Formarea \u00cenv\u0103\u021b\u0103torilor<\/li>\n<li>Damasc \u2013 Cristos via\u021ba mea<\/li>\n<li>Maria \u2013 Scrisoarea lui Cristos<\/li>\n<\/ol>\n<p><em><strong>Ultimul pilon, al III-lea<\/strong><\/em> \u00een programul \u0218colii, se concentreaz\u0103 pe formarea evanghelizatorilor, putem s\u0103 zicem c\u0103 sunt cursuri care ajut\u0103 la cre\u0219terea slujitorilor din \u0219coal\u0103, deci sunt cursuri interne.<\/p>\n<ol>\n<li>Maranatha \u2013 Apocalipsa<\/li>\n<li>Petru \u2013 \u0218tiin\u021ba Bisericii<\/li>\n<li>Introducere \u00een Biblie<\/li>\n<li>Luca &#8211; apologetic\u0103<\/li>\n<li>Teologie Biblic\u0103\u00a0<\/li>\n<li>Melchisedec\u2013 Liturghia<\/li>\n<li>Ietro \u2013 Ecumenism<\/li>\n<\/ol>\n\n\n<p><\/p>\n","protected":false},"excerpt":{"rendered":"<p>Programul de formare al \u0218colii Sf\u00e2ntul Andrei este bazat pe trei piloane. A deveni m\u0103rturisitor A deveni ucenic A deveni apostol Cursurile pilonului I \u00a0sunt ajustate pentru bazele vie\u021bii cre\u0219tine \u0219i scopul lor este ca prin re-evanghelizarea celor boteza\u021bi, ei s\u0103 devin\u0103 m\u0103rturisitorii lui Isus cel \u00eenviat, \u00een familiile lor, locul lor de munc\u0103 \u0219i &hellip; <\/p>\n<p class=\"link-more\"><a href=\"https:\/\/www.scoalasfantulandrei.ro\/index.php\/cursuri\/\" class=\"more-link\">Continu\u0103 lectura<span class=\"screen-reader-text\"> &#8222;Cursuri&#8221;<\/span><\/a><\/p>\n","protected":false},"author":1,"featured_media":0,"parent":0,"menu_order":0,"comment_status":"closed","ping_status":"closed","template":"","meta":{"footnotes":""},"class_list":["post-124","page","type-page","status-publish","hentry"],"_links":{"self":[{"href":"https:\/\/www.scoalasfantulandrei.ro\/index.php\/wp-json\/wp\/v2\/pages\/124","targetHints":{"allow":["GET"]}}],"collection":[{"href":"https:\/\/www.scoalasfantulandrei.ro\/index.php\/wp-json\/wp\/v2\/pages"}],"about":[{"href":"https:\/\/www.scoalasfantulandrei.ro\/index.php\/wp-json\/wp\/v2\/types\/page"}],"author":[{"embeddable":true,"href":"https:\/\/www.scoalasfantulandrei.ro\/index.php\/wp-json\/wp\/v2\/users\/1"}],"replies":[{"embeddable":true,"href":"https:\/\/www.scoalasfantulandrei.ro\/index.php\/wp-json\/wp\/v2\/comments?post=124"}],"version-history":[{"count":3,"href":"https:\/\/www.scoalasfantulandrei.ro\/index.php\/wp-json\/wp\/v2\/pages\/124\/revisions"}],"predecessor-version":[{"id":7734,"href":"https:\/\/www.scoalasfantulandrei.ro\/index.php\/wp-json\/wp\/v2\/pages\/124\/revisions\/7734"}],"wp:attachment":[{"href":"https:\/\/www.scoalasfantulandrei.ro\/index.php\/wp-json\/wp\/v2\/media?parent=124"}],"curies":[{"name":"wp","href":"https:\/\/api.w.org\/{rel}","templated":true}]}}